= -15*s - 38. What is the hundreds digit of b(-15)?
1
Let i(v) = -v**3 - 2*v**2 - v - 1. Let l(g) = 3*g + 1. Let u be l(-1). What is the units digit of i(u)?
1
Suppose 2*t = 4*j + 3*t + 3, j = 5*t - 27. Let g = 0 - j. What is the units digit of g?
2
Let a(x) = -3*x**2 - 2*x**2 - 15*x**3 + 5 + 14*x**3 + 0*x**2 + 4*x. What is the tens digit of a(-6)?
1
Suppose 0 = -4*t - 0*t + 8. Suppose 0 = -3*c - 3*w + 42, t*c - 2*w = w + 18. Suppose y = -y + c. What is the units digit of y?
6
What is the tens digit of (-674)/(-8) + -2 + (-35)/(-20)?
8
Let n(z) = -6*z**2 + 1. Let v be n(-1). Let w = 1 - v. What is the units digit of w?
6
Let a be (-244)/(-10) - (-4)/(-10). Suppose a = 3*b + 3. What is the units digit of b?
7
Let c(y) = -20*y - 1. Let g be c(1). Let b be (g/1)/(1/2). What is the units digit of ((-4)/6)/(4/b)?
7
What is the units digit of (1*-6)/2 - -56?
3
Let k = -12 - -17. Let j = 9 - k. Let r = 5 - j. What is the units digit of r?
1
Let z be 3/3 - (2 - 1). Let r be -5 - (-2 + (z - -2)). What is the units digit of (4/(-4))/(1/r)?
5
Let t(o) = o**3 + 4*o - 3. Let p be t(2). Suppose -3*v = 3*x + 33, -p = -x + 3*x - v. Let k = x - -13. What is the units digit of k?
5
Let p = -6 - -17. Suppose 4*i - 1 = p. What is the units digit of i?
3
Let b = 14 + -20. Let u = b - -26. What is the units digit of u?
0
Suppose 2*k = -k + 15. Suppose -k*m + 7 + 48 = 0. What is the units digit of m?
1
Let w = -10 + 23. What is the units digit of w?
3
Let u = -2 + 2. Suppose 0*q - q = 5*w - 10, w + 2*q - 2 = u. What is the units digit of w?
2
Let l(p) = -2*p**2 - p + 4. Let x = -2 - 1. Let q be l(x). Let k = q - -18. What is the units digit of k?
7
Suppose 2*l - 9 = 5*l. Let c = l + 7. What is the units digit of c?
4
What is the units digit of (-1)/((30/(-65))/6)?
3
Suppose 3*x + 5 - 14 = 0. Suppose 2*b = 0, 0 = -x*j + 4*j - 5*b - 1. What is the units digit of j?
1
Suppose 4*r - 1 = -t + 19, -4*t = 3*r - 41. Let o be (-15 - (-1 + 0))*(14 + -16). Let b = o - t. What is the units digit of b?
0
Let d be (0 + (-41)/(-4))*4. Suppose y - 4*v = 2*y - 4, 5*y - v = d. What is the units digit of y?
8
Let t(u) = u**3 - 4*u**2 - 4*u + 6. Let z be t(4). Let c = z + 11. What is the units digit of c?
1
Let k be (-3 - (-8)/4) + 0. What is the tens digit of (k - -12) + 1 + 0?
1
Suppose -8 = 3*i - 4*i. Suppose -5*v + 3*x + i = -v, 2*v - 4 = -2*x. Suppose g - v = 2. What is the units digit of g?
4
Let b(d) = d + 2. Let p be b(-10). Let l = p - -31. What is the units digit of l?
3
Suppose 0*j = -j + 3. What is the units digit of j?
3
Suppose -4*g + 13*g = 891. What is the units digit of g?
9
Let q(i) = i**3 + 2*i**2 - i. Let w(g) = g + 4. Let t be w(-7). Let x be q(t). Let v = x + 15. What is the units digit of v?
9
Let n = 7 + -5. Suppose 1 = -n*r + 11. Suppose 12 = -r*u + 42. What is the units digit of u?
6
Let t be (-10)/6 - 2/6. Let m(o) = -2*o**3 + o**2 + o - 2. Let h be m(t). What is the units digit of 54/8 - (-4)/h?
7
Let j = 13 + -21. Let k = j + 7. What is the units digit of 1 + k + 1 + 12?
3
Suppose -4*x + q = -2 - 14, 4*x = 3*q + 24. What is the units digit of x?
3
Let g = 13 - 20. Let k(u) = -u**2 - 2*u + 7. Let q be k(g). What is the units digit of 2/(-7) - 176/q?
6
Let p(n) = -n. Let q be p(0). Let s = q + 8. What is the units digit of s?
8
What is the units digit of (-274)/(-10) + (-6)/15?
7
Let r(t) = -4*t**3 - 2*t - 3. Suppose 4 = -4*n - 4. What is the tens digit of r(n)?
3
Let a(k) = -k**3 + 6*k**2 - 2*k - 4. Let m be a(6). Let q = m + 23. What is the units digit of q?
7
Let a(g) = -5*g**2 + 1. Let f be a(1). What is the tens digit of f/(-10) - (-232)/20?
1
Let t be -4*(-1 - (2 - 2)). Suppose 2*d - 6*d + t = 0. Suppose d = 2*c - 15. What is the units digit of c?
8
Suppose -4*b - 26 = -5*l + 17, -4*b - 10 = -2*l. Suppose -1 - 4 = -z. Let h = l - z. What is the units digit of h?
6
Suppose -2*f + 10 = -4*f. Let o = 9 + f. What is the units digit of o?
4
Let v = 5 - 5. Suppose -s + v*s - 3 = -h, -h + 9 = 2*s. Suppose -s - 6 = -g. What is the units digit of g?
8
Let p(v) = -v**3 - 2*v**2 + v + 3. What is the units digit of p(-3)?
9
Suppose 2*r - 5*r = -102. What is the units digit of r?
4
Let f be ((-2)/6)/((-1)/48). Let j = f - 11. What is the units digit of j?
5
Let i = 404 + -226. What is the hundreds digit of i?
1
Let d be (-4)/(-5)*(32 + -2). Let r = d + -11. What is the tens digit of r?
1
Let w be (2/(-3))/((-1)/(-3)). Let x = w - 0. Let m = 7 + x. What is the units digit of m?
5
Let n be (-3)/6 - 5/2. Let q = 0 - n. What is the units digit of q?
3
Let o(s) = s**2 + s + 5. Let p be o(0). Suppose 0 = -p*j + j + 12. Suppose j*b = -5*q + 39, 5*b = -3*q + 4*q + 37. What is the units digit of b?
8
Suppose 2*c - 7*c + 125 = 0. Suppose c = -k + 3*k - x, 3*x + 9 = 0. What is the units digit of k?
1
Let s(j) = -7*j - 5. What is the tens digit of s(-6)?
3
Suppose 5*r - 7 = 23. Let j = r + -4. Suppose 0 = -s + 2*s - q - j, 2*q - 8 = 0. What is the units digit of s?
6
Let a = -4 + 6. What is the units digit of a/3*6/1?
4
Suppose -x = -4*x + 144. Let o = x - 23. What is the tens digit of o?
2
Suppose 0 = c + 15 - 42. What is the tens digit of c?
2
Let d(b) = -12*b**3 - 2*b**2 - 2*b - 1. Let w(z) = 2*z + 3. Let c(o) = -o + 5. Let h be c(7). Let n be w(h). What is the units digit of d(n)?
1
Suppose 0 = -f - a - 0*a - 2, 3*f = -5*a - 16. Let n = -13 + 18. Suppose 0 = -3*u - n*k - 7, k - 6 = -2*u + f*k. What is the units digit of u?
1
Let h(s) = -3*s + 15. What is the tens digit of h(-12)?
5
Let p be ((-24)/(-9))/((-2)/6). Let s = p + 22. What is the units digit of s?
4
Let k = 15 - 15. Let d(z) = z**3 - z**2 - z + 1. What is the units digit of d(k)?
1
Suppose -2*t - 1 = -13. Let m(y) = -y - 4*y - t*y - 3*y. What is the units digit of m(-1)?
4
Let w = 63 + -41. Suppose -9*b = -11*b + 10. Suppose b*i = 3*i + w. What is the units digit of i?
1
What is the units digit of (15 + -13)/((-1)/(-4))?
8
What is the units digit of (-26)/(-8)*(5 + 19)?
8
Suppose -5*w + 110 = -3*w. What is the tens digit of w?
5
Let z(n) = n + 8. Let o be z(7). Suppose -1 + o = 2*m. What is the units digit of m?
7
Let w(u) = -u**2 - 3*u - 10. Let k be w(-7). What is the units digit of 4/(-18) + k/(-9)?
4
Let b(p) = 3 + p**2 + 1 - 10*p - 1. Let y be (17 - 2)/(3/2). What is the units digit of b(y)?
3
Let b be 10/3*6/5. Let u be (-4)/(-6) - (-88)/12. Let x = u + b. What is the units digit of x?
2
Let i(o) be the third derivative of o**4/24 + 11*o**3/6 + 3*o**2. What is the units digit of i(-8)?
3
Let m be (-2 + -1)*(-11)/3. Let d(u) = 3*u**2 - 4. Let i(w) = -16*w**2 + 21. Let b(v) = m*d(v) + 2*i(v). What is the units digit of b(2)?
2
Suppose -63 = 3*h - 204. What is the tens digit of h?
4
Suppose 3*f = -n + 58, 2 = -2*f + 6. What is the units digit of n?
2
Suppose 4*u = 93 + 119. What is the units digit of u?
3
Suppose q + 0 = 7. Let c = q - 2. What is the units digit of c?
5
Suppose p - 15 = 3. Let w = 7 - 5. Suppose p = w*v + v. What is the units digit of v?
6
Suppose -3*r + 217 = -0*r + y, 2*y + 205 = 3*r. Suppose -2*q - s - 2*s = -r, 33 = q + s. What is the tens digit of q?
2
Let f(b) = -b**3 + 4*b**2 - 3*b. Suppose w - 4 = 0, -5*j + 2*w + 16 = w. Let y be 28/13 + j/(-26). What is the units digit of f(y)?
2
Let d(c) = -6*c + 1. Let n be 3 - 1 - (5 + 0). What is the tens digit of d(n)?
1
Suppose -j - 5*x + 21 + 50 = 0, -j - 2*x + 83 = 0. What is the units digit of j?
1
What is the tens digit of 0 + 56/4 + 3?
1
Let l(h) = 2*h - 11. Let z be l(10). Let y = 3 - z. What is the units digit of 36/(-8)*4/y?
3
Let d(p) be the third derivative of -p**5/60 - p**4/12 - p**3/3 + 4*p**2. Let q be d(-3). What is the units digit of 1/(-3)*(-1 + q)?
2
Let w be 2*-1 + (-56)/(-4). Let g be (4/6)/(2/w). Suppose 3 = c, -5*c = -g*r + r + 12. What is the units digit of r?
9
What is the units digit of 33*(0 + 3) + 1?
0
Let p = 79 - -64. What is the tens digit of p?
4
Suppose 5*g - 3*c = 17, 5*g + 8*c - 23 = 5*c. Suppose g*p - 24 = 80. What is the units digit of p?
6
Let v(p) = p**3 - 5*p**2 + 5*p - 3. Let s = -10 - -15. What is the tens digit of v(s)?
2
Suppose 6 = 3*y - y. Let g be (y/6)/(2/(-28)). Let j = g - -14. What is the units digit of j?
7
What is the tens digit of (-212)/(-7) + 2/(-7)?
3
Suppose -5*b + 194 = -2*y, 0 = -2*